/3 - (-3)/((-18)/2). Calculate the greatest common divisor of 74 and d.
37
Let y be 2*(-12)/8 + 31. Calculate the greatest common divisor of 4 and y.
4
Let r = -141 - -240. Suppose 0*z = -2*z - 52. Let l = z - -37. What is the highest common factor of l and r?
11
Suppose -1 = -5*u + 4*u. Let q = u + 0. What is the highest common divisor of q and 4?
1
Suppose 10 + 0 = 5*j. Suppose j*k + k - 18 = 0. Let s be (-1 + 0)/((-2)/18). What is the highest common divisor of k and s?
3
Let d be (1*-2 + 1)*-2. Suppose 4*z + 3*c - 52 = 0, c + 2 = -2. Suppose z = 5*g - 24. What is the greatest common factor of g and d?
2
Let m(l) = -2*l + 2. Let u be m(-2). Suppose u = z + z. Let n = -6 - -8. What is the highest common divisor of n and z?
1
Suppose 0 = -3*v - 4*q + 1094, -2*v + 5*q + 1137 = 377. Calculate the greatest common divisor of 37 and v.
37
Let h = -124 - -199. Calculate the highest common divisor of h and 50.
25
Let c be (-3)/9*(2 + -5). Calculate the highest common factor of c and 4.
1
Suppose 5*q + 5*j - 130 = 0, 3*q + 7*j - 78 = 2*j. What is the greatest common divisor of q and 65?
13
Suppose -5*j = -p + 32, p + 3*j = 2*j + 8. Calculate the greatest common factor of p and 8.
4
Let a(o) be the third derivative of o**4/24 - 4*o**3/3 + 4*o**2. Let t be a(0). Let i be 8 + -6 - 1*t. Calculate the greatest common divisor of 100 and i.
10
Let u(r) = -r**2 - r + 1. Let x be u(-1). Suppose 8 = 7*h - 3*h. Calculate the greatest common divisor of h and x.
1
Let p be (7 - 6)/(2/12). Suppose -9 - p = -3*i. Suppose -n - i*u = -1 - 3, -4*n - 2*u + 16 = 0. What is the highest common factor of 20 and n?
4
Let n be (0 - -4) + (-3 - -1). Suppose 12 + 0 = 3*y. Let h be y - 3 - 42/(-2). Calculate the greatest common divisor of n and h.
2
Let u = 36 + -35. Suppose 5*d + 32 = h, h + 8 = -3*d - 4*h. Let l = -1 - d. Calculate the highest common divisor of u and l.
1
Let x = 4 - 5. Let v = -1 + x. Let h be v + 0 + -1 - -19. Calculate the greatest common factor of h and 4.
4
Suppose -5*r = -176 - 174. What is the highest common divisor of 10 and r?
10
Let k = 0 - -2. Suppose 5*g - 19 - 16 = k*a, g = -2*a - 5. Calculate the highest common divisor of g and 2.
1
Suppose 97 = 3*n + i, 3*n - 73 = 5*i + 18. Suppose -148 - 77 = -3*y + 5*w, -5*y - 5*w = -415. What is the highest common factor of y and n?
16
Let i = -170 + 242. Let a(h) = h**2 - h + 44. Let s be a(0). Suppose -s = -2*o + 4. Calculate the greatest common divisor of o and i.
24
Let z be 2/4*2 + -1. Suppose z = -3*u + 2*u + 6. Let y be (-66)/4*u/(-9). Calculate the highest common factor of y and 99.
11
Suppose 4*l - 5*d = 54, 0*l + 4*d = 5*l - 72. Let r = -42 + 71. Suppose 2 = -4*s + 5*m, -r = -4*s - 5*m - 11. Calculate the greatest common divisor of l and s.
2
Let z be 8/(-28) + (-352)/(-7). Suppose 4 + 16 = r. What is the greatest common divisor of z and r?
10
Let y be -1 - (-196)/10 - (-4)/10. Calculate the highest common divisor of 76 and y.
19
Let o(s) be the first derivative of s**4/4 - 5*s**3/3 - 5*s**2/2 + 2*s + 5. Suppose 5*q = 22 + 8. Let z be o(q). What is the greatest common factor of 1 and z?
1
Let k(d) = d + 17. Let f be k(-8). Calculate the greatest common divisor of f and 1.
1
Let u be (-797)/((12/(-8))/3). Let l be u/8 - (-21)/28. What is the greatest common divisor of l and 25?
25
Let b be 205 - 2*(-2 + 1). Suppose -m + 3*k + 55 = 0, -3*k = 4*m - 2*k - b. Calculate the greatest common divisor of 13 and m.
13
Suppose 4*z - 76 = 2*y - 366, 4*z + 285 = y. Let x = 34 + z. Let c = x - -60. What is the highest common factor of c and 3?
3
Suppose v + 0*v - 81 = 0. Calculate the highest common divisor of v and 9.
9
Let d = -3 - -3. Let w be 20 + (d + 1 - 3). Calculate the highest common factor of w and 6.
6
Let d be (-9)/(-1) + (-5)/5. What is the highest common factor of 16 and d?
8
Let f(u) = 2*u - 2. Let h be f(5). Suppose h*d - 3*d = 350. What is the highest common factor of d and 14?
14
Let h = -1 - -4. Suppose -4*a + a - 311 = -5*l, -a + 195 = h*l. What is the highest common divisor of l and 8?
8
Let x = 70 + -57. Let i = 18 + 21. Calculate the greatest common divisor of i and x.
13
Suppose 11*v + 60 = 15*v. Calculate the greatest common divisor of 120 and v.
15
Suppose 4*c - 2*c = 38. Calculate the highest common divisor of 19 and c.
19
Let u(i) = 4*i**2 - 6*i + 4. Let n be u(-4). What is the greatest common divisor of n and 69?
23
Suppose 4*s = 5*s - 27. Suppose -2*v - 1 = -s. What is the highest common factor of 13 and v?
13
Let i(u) = u**3 - 6*u**2 - 4*u + 7. Let m be i(7). Calculate the highest common divisor of 28 and m.
28
Let h = 5 - 3. Suppose 4*o = 3*o - h. Let n be o*(2 - 3) + 115. What is the highest common factor of n and 13?
13
Suppose c = 3*o - c - 47, o - 10 = -5*c. Suppose 0 = -2*i + 223 - o. Calculate the highest common factor of 13 and i.
13
Let j = 2 - -6. Let t = -27 + 99. Calculate the greatest common factor of j and t.
8
Suppose 4*z = 3*z + 30. Let q(j) = -14*j - 2. Let i be q(-1). What is the highest common factor of i and z?
6
Suppose -2*b - 85 = -5*t - b, -3*t + 5*b = -73. Let v(y) = 65*y - 2. Let x be v(2). What is the highest common factor of t and x?
16
Let j(k) = 3*k**2 + k - 2. Let g be j(-3). Suppose 0 = -p - p + 656. Let c be p/6 - 1/(-3). What is the greatest common factor of c and g?
11
Let s = 12 - 3. Suppose 3*d - s - 9 = 4*u, 0 = 3*d + 2*u - 18. Calculate the greatest common factor of d and 6.
6
Suppose 0 = -2*l - 4. Let r be (-33)/(-7) + l/(-7). Suppose -5 = 289*k - 290*k. Calculate the greatest common divisor of k and r.
5
Let a = 5 - 2. Suppose 3 = a*u - 4*t - 7, 2*u - 5*t = 9. Suppose u*q - 70 = -3*q. Calculate the highest common divisor of 28 and q.
14
Let b = 0 + -1. Let v(s) = -159*s + 1. Let d be v(b). Calculate the greatest common factor of d and 16.
16
Let v be (-1 + 0)*(-16 - -1). Let f be ((-225)/12)/(6/(-24)). What is the greatest common factor of f and v?
15
Let s(j) = -j**3 + j - 1. Let m(l) = -6*l**3 - 2*l**2 + 6*l - 5. Let b(z) = -m(z) + 5*s(z). Let q be b(1). What is the highest common factor of 12 and q?
2
Let i be ((-3)/1 - -1) + 3. Let y(t) = 6*t**3 + 1. Let m be y(i). Let k = 19 - -44. What is the greatest common divisor of k and m?
7
Let d(l) = -7 + 4*l + 2*l - 2*l + l**3 - 4*l**2. Let w be d(5). Suppose -2*y = 10 - w. What is the highest common divisor of y and 154?
14
Let z = 1 - -17. Let l be 4*-3*(-3)/z. Let b be ((-4)/(-6))/(1/21). Calculate the highest common divisor of l and b.
2
Let k be 526/6 + 1/3. Let y be (-6)/(-7)*(0 - -7). Let n be 32/3 - (-2)/y. Calculate the highest common factor of k and n.
11
Let j = -4 + 5. Let r be (j - 0) + 8/2. What is the greatest common factor of 40 and r?
5
Let u be (-214)/(-2) + 4/(-2). Let h(k) = 43*k**2 + k. Let x be h(1). Let o = -29 + x. What is the greatest common divisor of u and o?
15
Let f(u) = u**2 + 6*u + 6. Let q be f(-6). Let o(z) = 9*z**2 - 4*z + 2. Let i be o(2). Calculate the highest common factor of q and i.
6
Let g = -4 + 7. Suppose -g*f - 3*n + n + 46 = 0, -5*f - 5*n + 75 = 0. What is the highest common factor of f and 144?
16
Suppose 0 = -3*x + x + 88. Let c(b) = 5*b + 1. Let g be c(2). What is the highest common divisor of g and x?
11
Suppose 0 = -3*t + 7*t - 36. Suppose 2*c - 3 = -y - 5, 0 = -3*c - t. Calculate the greatest common divisor of 10 and y.
2
Suppose r = -2*r + 351. What is the greatest common divisor of 13 and r?
13
Let x be (2 + 17 - 1) + 0. Let n be 122/10 + 4/(-20). What is the highest common factor of n and x?
6
Let g = 69 - 35. What is the highest common divisor of 2 and g?
2
Let u be ((-1)/(-1) - 63) + -3. Let x = -44 - u. Calculate the greatest common factor of 3 and x.
3
Suppose 3*l = -15, 2*m - 3*l = -3 + 42. Let p = 22 - m. Let x be (p/(-3))/((-10)/165). Calculate the highest common factor of 22 and x.
11
Suppose 14 = w - 12. Let x be (-4 + 3)/(2/22). Let k = x + w. What is the highest common divisor of k and 165?
15
Let r(c) = -23*c - 25. Let d be r(-14). Calculate the greatest common divisor of 33 and d.
33
Let y = 69 + -66. What is the greatest common divisor of y and 24?
3
Let r(o) = 4*o**2 + 2*o + 1. Let i be r(-1). Suppose 14 = -u + 15. What is the highest common divisor of u and i?
1
Let x(z) = z**3 - 3*z**2 + 2*z + 5. Let g be x(3). Suppose 60 =